) = -3*d + 5. Let s = 9 - 6. Let z(m) = s*q(m) + 7*h(m). List the prime factors of z(-4).
3
Suppose -4*y - 6*v + v + 19 = 0, 0 = -4*y - v + 7. Let n(r) = -r + 6. Let d be n(4). List the prime factors of d*-11*y/(-2).
11
Suppose 5*g + u = 6*u + 1385, -4*g + 3*u + 1104 = 0. What are the prime factors of g?
3, 7, 13
Let c(r) = -r**3 - 5*r**2 + 3*r - 6. Suppose 3*s - z = 11, z + z - 33 = -5*s. Suppose -5*n = -20, -s*b + 4*n - 40 = -b. List the prime factors of c(b).
2, 3
Let x = -9 + 31. List the prime factors of x.
2, 11
Suppose -x + 13 = 59. Let z = x + 66. Suppose 3*u + t - 39 = 6*t, u - z = 4*t. List the prime factors of u.
2
Let y(g) = 2*g + 12. Let i = 12 - 2. List the prime factors of y(i).
2
Let d = 14 - 11. Let n(i) = 4*i**2 - 2*i - 2. What are the prime factors of n(d)?
2, 7
Let t(q) = -q**2 - 3*q + 1. Let c be t(-5). List the prime factors of (-52)/c - 4/(-18).
2, 3
Suppose 3*k - 19 = -0*k + 2*w, -1 = 3*k + 2*w. Suppose -k*u = -u - 30. What are the prime factors of u?
3, 5
Let u = -5 - -23. Suppose 4*b + 3*d - u + 62 = 0, -3*d = -4*b - 68. Let c = b - -20. What are the prime factors of c?
2, 3
Suppose y = 4*d + 9, 3*d + 7 = 2*y - y. Let v be (-4 - -9) + y*-2. What are the prime factors of (-20)/v*6/(-4)?
2, 5
Suppose 2*x + 99 = -x. Let b = 59 + x. What are the prime factors of b?
2, 13
Let b(j) = j - 8. Let h(w) = 3*w - 17. Let x(a) = -5*b(a) + 2*h(a). List the prime factors of x(4).
2, 5
What are the prime factors of -1*(-51)/(-3)*-1?
17
Let s be -1*3 + (4 - 36). Let i = 79 + s. List the prime factors of i.
2, 11
Suppose 0*x - 2*x + 74 = 0. What are the prime factors of x?
37
Let z(h) be the first derivative of -h**5/60 - h**4/4 - 2*h**3/3 - 1. Let a(j) be the third derivative of z(j). List the prime factors of a(-5).
2
Suppose -25 = -3*x + 209. What are the prime factors of x?
2, 3, 13
Suppose 3 = -s + 3*f + 2*f, -3*s + 2*f = -4. Suppose 2*t = 5 + 1. Suppose -1 - t = -s*u. What are the prime factors of u?
2
Suppose 0 = 4*q + 18 - 2, 5*k - 3*q = 107. Let w(m) = -4*m - 7. Let x be w(-5). Let l = k - x. What are the prime factors of l?
2, 3
Let n(u) = -u**2 + 18*u + 4. List the prime factors of n(17).
3, 7
Let v(f) = f**3 + 5*f**2 + 4*f + 6. Let y = -4 + 7. Suppose -5*s - 6 - 8 = 3*o, y*o = -4*s - 10. List the prime factors of v(s).
2, 3
Suppose -59 = -4*o + 1. List the prime factors of o.
3, 5
Suppose 5*j - 3*j - 10 = 0. Suppose 0 = 2*f + f - 132. Suppose -f = -j*m + m. List the prime factors of m.
11
Let d = 29 - 13. What are the prime factors of d?
2
Let l(w) = w - 3. Let u be l(6). Suppose 46 = u*a - a. List the prime factors of a.
23
Suppose 3*x = 4*t - 1337, -3*x = x - 20. What are the prime factors of t/14 - 8/56?
2, 3
Let k(w) = -w**2 + 6*w + 6. Let t be k(6). Suppose 0 = -f - f + t. List the prime factors of f.
3
Suppose 0 = 2*k - 3*k - 2. Let o be (-29)/k - 2/(-4). Suppose -o = -v - 3*l, 5*v - 2*l = 2*v + 34. What are the prime factors of v?
2, 3
Let i = 84 + -14. List the prime factors of i.
2, 5, 7
Let m = 2 - -1. Let w be (m + 0 - 0)*-1. Let p(t) = 2*t**2 + 4*t + 4. List the prime factors of p(w).
2, 5
Suppose -11 = -5*y + 34. Let g = 27 + -14. Let b = g - y. List the prime factors of b.
2
Suppose -a = -11 + 26. Let z = -1 + 2. What are the prime factors of ((-24)/a)/(z/5)?
2
Let l be (-15)/(-4) - 2/(-8). Let s(m) = m**2. Let h be s(0). Suppose -4*u + 2*g + 50 = l*g, 2*u - 3*g - 13 = h. What are the prime factors of u?
11
Let c(k) = k**2 + k + 8. Let v(r) = r**3 - 6*r**2 + 5*r. Let i = 1 + 4. Let l be v(i). What are the prime factors of c(l)?
2
Suppose -4*u + 3 = -1, 3*m + 3*u = 81. Suppose -2*q = 2*w - m, -q - 4*q + 53 = w. What are the prime factors of q?
2, 5
Let f be (-6)/(-18) + (-64)/(-6). Let p = f - 6. Let o = -3 + p. List the prime factors of o.
2
Let x be 1/((-12)/(-15) - 1). Let y = 11 + x. What are the prime factors of (-16)/y*(-6)/4?
2
Let d = 39 - -4. Let k = d - 15. What are the prime factors of k?
2, 7
Let y = -10 - -32. List the prime factors of y.
2, 11
Suppose 5*w = 5*q - 40, -q + 2*w = -2*q + 2. Let x = 0 + q. List the prime factors of x.
2, 3
Suppose c - 2*c = -4. Suppose y + 4*y - 52 = -3*w, 4*y + c = 0. What are the prime factors of w?
19
Suppose -5*o + 0 = 15. Let l = 1 - o. Suppose l*w = 6*w - 34. What are the prime factors of w?
17
Suppose -315 = -0*m - 5*m. Suppose 2*q - m = -17. List the prime factors of q.
23
Suppose -3*y = -5*c + 23 + 36, -4*c + 54 = y. Suppose -2*q - 24 = -2*i, 35 = i - 3*q + c. List the prime factors of i.
7
Let n(p) = -p**3 - p**2 + p + 7. Let o be n(0). Suppose 2*c = o*c + 30. List the prime factors of (-14)/3*9/c.
7
Let c(i) = 44*i - 20. What are the prime factors of c(8)?
2, 83
Suppose -3*c = -3*v - c + 315, 4*v - 3*c - 420 = 0. What are the prime factors of v?
3, 5, 7
Let p(y) = y**3 + 18*y**2 + 18*y + 20. Let h be p(-17). Suppose 0 = h*s - 5*q - 12 - 67, -4*s - 3*q + 115 = 0. What are the prime factors of s?
2, 7
Let u(x) = 5*x**2 + 2*x - 6. List the prime factors of u(-5).
109
Suppose -4*k + 19 = -1. Suppose z - k*o = -14, -3*z - 5 = -2*o - 2. List the prime factors of 10 - (-2 + (z - 0)).
11
Let h(n) be the first derivative of -n**4/4 - 4*n**3/3 + n**2 - 3*n + 4. Let u(q) = -q - 1. Let k(a) = -h(a) - 2*u(a). What are the prime factors of k(-4)?
5
Suppose 0 = p + 12 - 107. What are the prime factors of p?
5, 19
Suppose -p + 4*u - 12 = p, 0 = 3*p + 2*u - 22. List the prime factors of (-6)/p*(-54)/9.
3
Suppose -2*a + 72 = 5*x, 7 = a - 4*x - 3. What are the prime factors of a?
2, 13
Let o = 21 - -9. What are the prime factors of o?
2, 3, 5
Let t = -15 + -32. Let c = -34 - t. List the prime factors of c.
13
Let x(t) = -t - 4. Suppose -5 = -3*r - 23. Let d be x(r). Suppose d*a = 3*a - 2. What are the prime factors of a?
2
Suppose 6*d = 29 + 139. List the prime factors of d.
2, 7
Let p(u) = u**2 - 2. Suppose 2 = -3*l - 2*i, -4*i + 0 - 4 = l. Let k be p(l). What are the prime factors of (-17 + k)*(-3 - -2)?
19
Suppose 0 = 4*p - 1 - 11. Suppose 0 = -h + p*h - 92. List the prime factors of h.
2, 23
Let c = 92 - 42. What are the prime factors of c?
2, 5
Let n be 74/(-6) - (-2)/6. What are the prime factors of (50/(-4))/(n/24)?
5
Suppose 3*u - s = -2 + 3, 7 = -4*u + 3*s. Suppose -3*c = -5 + u, 2*c - 10 = 4*x. List the prime factors of 24/(-18)*15/x.
2, 5
Let d = 4 - -3. Let q(l) = l**3 - 7*l**2 + 1. Let i be q(d). List the prime factors of 1 + 1 + i/1.
3
Suppose 41 = -2*f - 71. Let g = -29 - f. List the prime factors of g.
3
Suppose 3*v - 46 - 116 = 0. What are the prime factors of v?
2, 3
Suppose 108 = -0*w + 3*w. What are the prime factors of w?
2, 3
Let p(q) = q**3 - 9*q**2 - 12*q - 1. Let o be p(10). What are the prime factors of (-3)/((o/10)/7)?
2, 5
Suppose -83 + 493 = 5*o. List the prime factors of o.
2, 41
Suppose 17*m + 174 = 18*m. What are the prime factors of m?
2, 3, 29
Let y = 11 + -9. Suppose t - 5*t - 5*z - 20 = 0, -12 = 4*t + 3*z. Suppose 1 = r + y*h, 4*r - 3*h = -t*r + 59. What are the prime factors of r?
11
List the prime factors of (7 - 79)*(-4)/((-8)/(-3)).
2, 3
Let k(a) = -a**2 - 3*a. Let z be k(-2). Suppose n = -z*n. Suppose 2 = 2*c, 5*c - 3 + n = u. What are the prime factors of u?
2
Suppose 0 = 3*u - 4*u + 125. Suppose 5*x = -5*k - u, x + 72 = -5*k - 53. Let p = 41 + k. List the prime factors of p.
2
Suppose -2*f + 0*r + 3*r + 652 = 0, 0 = 3*f + 3*r - 1008. What are the prime factors of f?
2, 83
Suppose -142 = -q + 3*z + 87, -2*z = 3*q - 687. What are the prime factors of q?
229
Suppose 27 = 2*i - 95. What are the prime factors of i?
61
List the prime factors of (11 - 6)*(-1 - -57).
2, 5, 7
Let w = 75 + -6. List the prime factors of w.
3, 23
Suppose -3*s = -3*o - 12, 0 = 2*o + o - s + 2. Let r = 3 + o. Suppose -l + 3 = -w - 4, 22 = l - r*w. List the prime factors of l.
2
Let s be ((-6)/4)/(3/(-6)). Suppose 0 = -o + 5*c - 20, -8 = 4*o - 5*c + s*c. Let w = 5 - o. What are the prime factors of w?
5
Let x(q) = -29*q + 30. List the prime factors of x(-6).
2, 3, 17
Suppose 0*z - 5*z = -10. Suppose 4*d + 0*d + 2*c = 46, -z*d + 19 = 5*c. List the prime factors of d.
2, 3
List the prime factors of (-3*6/(-27))/(4/1302).
7, 31
Suppose 91 = v - 5*s - 49, s + 298 = 2*v. List the prime factors of v.
2, 3, 5
Let s be ((-2)/(-2) - 0)*-22. Let w = -13 - s. List the pr